{"id":54,"date":"2022-05-28T10:46:23","date_gmt":"2022-05-28T08:46:23","guid":{"rendered":"http:\/\/grundschule-hattersheim.de\/?page_id=54"},"modified":"2022-07-05T00:55:42","modified_gmt":"2022-07-04T22:55:42","slug":"ueber","status":"publish","type":"page","link":"https:\/\/grundschule-hattersheim.de\/?page_id=54","title":{"rendered":"\u00dcber"},"content":{"rendered":"\n<p>Diese Website dient der Information zu einem Thema, das einige Anwohner in Hattersheim stark besch\u00e4ftigt \u2013 die Website-Betreiber stehen KEINER politischen Partei besonders nahe. Dennoch nehmen wir jede Unterst\u00fctzung wohlwollend und dankbar an, unabh\u00e4ngig von parteipolitischem Hintergrund. Hier handeln Privatpersonen als Betroffene einer politischen Entscheidung in privatem Interesse \u2013 aber auch im Sinne der Sache, um eine vern\u00fcnftige L\u00f6sung f\u00fcr alle zu finden.<\/p>\n\n\n\n<p>Hattersheim ben\u00f6tigt durch den starken Zuzug neuer Einwohner dringend eine weitere Grundschule. <\/p>\n\n\n\n<p>Allerdings ist die Wahl des Standortes f\u00fcr die neue Schule mehr als ungl\u00fccklich. Denn das Areal, auf dem sie nun errichtet werden soll, ist eigentlich viel zu klein, um sowohl Schulgeb\u00e4ude als auch Turnhalle so zu platzieren, das sie die unmittelbar angrenzenden Anwohner nicht erheblich beeintr\u00e4chtigen.<\/p>\n\n\n\n<figure class=\"wp-block-image size-full is-resized\"><img loading=\"lazy\" decoding=\"async\" src=\"https:\/\/grundschule-hattersheim.de\/wp-content\/uploads\/2022\/05\/220224_TOP-Mappe-von-TOP-8-der-7.-Sitzung-der-Stadtverordnetenversammlung-vom-24.02.2022_Quellenverweis-2.png\" alt=\"\" class=\"wp-image-81\" width=\"878\" height=\"621\" srcset=\"https:\/\/grundschule-hattersheim.de\/wp-content\/uploads\/2022\/05\/220224_TOP-Mappe-von-TOP-8-der-7.-Sitzung-der-Stadtverordnetenversammlung-vom-24.02.2022_Quellenverweis-2.png 841w, https:\/\/grundschule-hattersheim.de\/wp-content\/uploads\/2022\/05\/220224_TOP-Mappe-von-TOP-8-der-7.-Sitzung-der-Stadtverordnetenversammlung-vom-24.02.2022_Quellenverweis-2-300x212.png 300w, https:\/\/grundschule-hattersheim.de\/wp-content\/uploads\/2022\/05\/220224_TOP-Mappe-von-TOP-8-der-7.-Sitzung-der-Stadtverordnetenversammlung-vom-24.02.2022_Quellenverweis-2-768x543.png 768w\" sizes=\"auto, (max-width: 878px) 100vw, 878px\" \/><figcaption>Bebauungsplan N110 Grundschule am S\u00fcdring<\/figcaption><\/figure>\n\n\n\n<figure class=\"wp-block-image size-large\"><img loading=\"lazy\" decoding=\"async\" width=\"1024\" height=\"576\" src=\"https:\/\/grundschule-hattersheim.de\/wp-content\/uploads\/2022\/05\/SCREENSHOT_30-1024x576.png\" alt=\"\" class=\"wp-image-351\" srcset=\"https:\/\/grundschule-hattersheim.de\/wp-content\/uploads\/2022\/05\/SCREENSHOT_30-1024x576.png 1024w, https:\/\/grundschule-hattersheim.de\/wp-content\/uploads\/2022\/05\/SCREENSHOT_30-300x169.png 300w, https:\/\/grundschule-hattersheim.de\/wp-content\/uploads\/2022\/05\/SCREENSHOT_30-768x432.png 768w, https:\/\/grundschule-hattersheim.de\/wp-content\/uploads\/2022\/05\/SCREENSHOT_30-1536x864.png 1536w, https:\/\/grundschule-hattersheim.de\/wp-content\/uploads\/2022\/05\/SCREENSHOT_30.png 1920w\" sizes=\"auto, (max-width: 1024px) 100vw, 1024px\" \/><figcaption>Bebauungsplan N110 Grundschule am S\u00fcdring<\/figcaption><\/figure>\n\n\n\n<p>Laut derzeitigem Planungsstand soll das Schulgeb\u00e4ude mit einer maximalen H\u00f6he von 12,50m in einem Abstand von ca. 7-8 Meter direkt angrenzend an die G\u00e4rten der Anwohner errichtet werden. Diese Planung ist das laut Baurecht an diesem Ort erlaubte Baufenster. Dies bedeutet in der Realit\u00e4t vermutlich eine Traufh\u00f6he von ca. 8 Metern und damit nicht nur eine schwer hinnehmbare Einschr\u00e4nkung der Privatsph\u00e4re der Anwohner.<\/p>\n\n\n\n<figure class=\"wp-block-image size-large is-resized\"><img loading=\"lazy\" decoding=\"async\" src=\"https:\/\/grundschule-hattersheim.de\/wp-content\/uploads\/2022\/05\/220504MP2120_NUR-SUEDLICH-DER-BAHN_THUMBNAIL_MIT-DATEN-1024x576.jpg\" alt=\"\" class=\"wp-image-17\" width=\"878\" height=\"494\" srcset=\"https:\/\/grundschule-hattersheim.de\/wp-content\/uploads\/2022\/05\/220504MP2120_NUR-SUEDLICH-DER-BAHN_THUMBNAIL_MIT-DATEN-1024x576.jpg 1024w, https:\/\/grundschule-hattersheim.de\/wp-content\/uploads\/2022\/05\/220504MP2120_NUR-SUEDLICH-DER-BAHN_THUMBNAIL_MIT-DATEN-300x169.jpg 300w, https:\/\/grundschule-hattersheim.de\/wp-content\/uploads\/2022\/05\/220504MP2120_NUR-SUEDLICH-DER-BAHN_THUMBNAIL_MIT-DATEN-768x432.jpg 768w, https:\/\/grundschule-hattersheim.de\/wp-content\/uploads\/2022\/05\/220504MP2120_NUR-SUEDLICH-DER-BAHN_THUMBNAIL_MIT-DATEN-1536x864.jpg 1536w, https:\/\/grundschule-hattersheim.de\/wp-content\/uploads\/2022\/05\/220504MP2120_NUR-SUEDLICH-DER-BAHN_THUMBNAIL_MIT-DATEN.jpg 1920w\" sizes=\"auto, (max-width: 878px) 100vw, 878px\" \/><\/figure>\n\n\n\n<p>Auch der Betrieb von Photovoltaik-Anlagen ist hiervon betroffen.&nbsp;Aufgrund der zu kleinen Fl\u00e4che des Grundst\u00fccks&nbsp;ist allerdings kaum Platz, die Geb\u00e4ude in einem gr\u00f6\u00dferem Abstand zu bauen.<\/p>\n\n\n\n<figure class=\"wp-block-image size-large\"><img loading=\"lazy\" decoding=\"async\" width=\"1024\" height=\"576\" src=\"https:\/\/grundschule-hattersheim.de\/wp-content\/uploads\/2022\/05\/SCREENSHOT_19-1024x576.png\" alt=\"\" class=\"wp-image-142\" srcset=\"https:\/\/grundschule-hattersheim.de\/wp-content\/uploads\/2022\/05\/SCREENSHOT_19-1024x576.png 1024w, https:\/\/grundschule-hattersheim.de\/wp-content\/uploads\/2022\/05\/SCREENSHOT_19-300x169.png 300w, https:\/\/grundschule-hattersheim.de\/wp-content\/uploads\/2022\/05\/SCREENSHOT_19-768x432.png 768w, https:\/\/grundschule-hattersheim.de\/wp-content\/uploads\/2022\/05\/SCREENSHOT_19-1536x864.png 1536w, https:\/\/grundschule-hattersheim.de\/wp-content\/uploads\/2022\/05\/SCREENSHOT_19.png 1920w\" sizes=\"auto, (max-width: 1024px) 100vw, 1024px\" \/><figcaption>Photovoltaikanlage eines Anwohners am S\u00fcdring<\/figcaption><\/figure>\n\n\n\n<p>Der Kreis ist aber nicht bereit, auf einen alternativen Standort an der Heinrich-B\u00f6ll-Schule auszuweichen, da dieser n\u00f6rdlich der Bahnlinie liegt, obwohl dort die Vorraussetzungen f\u00fcr einen Schulbau insgesamt sehr viel besser w\u00e4ren.<\/p>\n\n\n\n<figure class=\"wp-block-image size-large\"><img loading=\"lazy\" decoding=\"async\" width=\"1024\" height=\"576\" src=\"https:\/\/grundschule-hattersheim.de\/wp-content\/uploads\/2022\/05\/SCREENSHOT_12-1024x576.png\" alt=\"Standort B+C an der Heinrich-B\u00f6ll-Schule\" class=\"wp-image-135\" srcset=\"https:\/\/grundschule-hattersheim.de\/wp-content\/uploads\/2022\/05\/SCREENSHOT_12-1024x576.png 1024w, https:\/\/grundschule-hattersheim.de\/wp-content\/uploads\/2022\/05\/SCREENSHOT_12-300x169.png 300w, https:\/\/grundschule-hattersheim.de\/wp-content\/uploads\/2022\/05\/SCREENSHOT_12-768x432.png 768w, https:\/\/grundschule-hattersheim.de\/wp-content\/uploads\/2022\/05\/SCREENSHOT_12-1536x864.png 1536w, https:\/\/grundschule-hattersheim.de\/wp-content\/uploads\/2022\/05\/SCREENSHOT_12.png 1920w\" sizes=\"auto, (max-width: 1024px) 100vw, 1024px\" \/><figcaption>Standort B+C an der Heinrich-B\u00f6ll-Schule<\/figcaption><\/figure>\n\n\n\n<p>An der HBS ist sowohl die Verkehrsinfrastruktur bereits vorhanden sowie der \u00d6PNV. Der Bau einer zus\u00e4tzlichen Stra\u00dfe wie am Standort &#8222;S\u00fcdring&#8220; entf\u00e4llt hier komplett. Ausserdem \u00fcbernimmt die weiterf\u00fchrende Schule ohnehin sp\u00e4ter 75% der Grundsch\u00fcler aus dem Gebiet der Kernstadt. Der Kreis argumentiert, dass ein Standort s\u00fcdlich der Bahnlinie unumg\u00e4nglich f\u00fcr die fu\u00dfl\u00e4ufige Erreichbarkeit sei. Unverst\u00e4ndlich, da die Hattersheimer Kernstadt recht \u00fcberschaubar ist, und alles in einem Radius von ca. 1000m fu\u00dfl\u00e4ufig gut zu erreichen ist. Die sichere Kreuzung der Bahnlinie wird durch zahlreiche Br\u00fccken und Unterf\u00fchrungen schon seit Jahren garantiert.<\/p>\n\n\n\n<figure class=\"wp-block-image size-large\"><img loading=\"lazy\" decoding=\"async\" width=\"1024\" height=\"576\" src=\"https:\/\/grundschule-hattersheim.de\/wp-content\/uploads\/2022\/05\/SCREENSHOT_09-1024x576.png\" alt=\"\" class=\"wp-image-132\" srcset=\"https:\/\/grundschule-hattersheim.de\/wp-content\/uploads\/2022\/05\/SCREENSHOT_09-1024x576.png 1024w, https:\/\/grundschule-hattersheim.de\/wp-content\/uploads\/2022\/05\/SCREENSHOT_09-300x169.png 300w, https:\/\/grundschule-hattersheim.de\/wp-content\/uploads\/2022\/05\/SCREENSHOT_09-768x432.png 768w, https:\/\/grundschule-hattersheim.de\/wp-content\/uploads\/2022\/05\/SCREENSHOT_09-1536x864.png 1536w, https:\/\/grundschule-hattersheim.de\/wp-content\/uploads\/2022\/05\/SCREENSHOT_09.png 1920w\" sizes=\"auto, (max-width: 1024px) 100vw, 1024px\" \/><figcaption>Hattersheimer Kernstadt &#8211; Ausdehnung<\/figcaption><\/figure>\n\n\n\n<p>Ebenso schwer nachvollziehbar ist das Argument, dass das Grundst\u00fcck am Standort G bereits 2019 gekauft worden ist und es deshalb keine Alternative dazu gibt. Wenn aus Steuermitteln tats\u00e4chlich der Erwerb einer Fl\u00e4che, von der nicht klar war ob sie \u00fcberhaupt geeignet ist, stattgefunden hat, dann ist dies schlicht skandal\u00f6s. <\/p>\n","protected":false},"excerpt":{"rendered":"<p>Diese Website dient der Information zu einem Thema, das einige Anwohner in Hattersheim stark besch\u00e4ftigt \u2013 die Website-Betreiber stehen KEINER politischen Partei besonders nahe. Dennoch nehmen wir jede Unterst\u00fctzung wohlwollend und dankbar an, unabh\u00e4ngig von<\/p>\n","protected":false},"author":1,"featured_media":0,"parent":0,"menu_order":0,"comment_status":"closed","ping_status":"closed","template":"","meta":{"footnotes":""},"class_list":["post-54","page","type-page","status-publish","hentry"],"_links":{"self":[{"href":"https:\/\/grundschule-hattersheim.de\/index.php?rest_route=\/wp\/v2\/pages\/54","targetHints":{"allow":["GET"]}}],"collection":[{"href":"https:\/\/grundschule-hattersheim.de\/index.php?rest_route=\/wp\/v2\/pages"}],"about":[{"href":"https:\/\/grundschule-hattersheim.de\/index.php?rest_route=\/wp\/v2\/types\/page"}],"author":[{"embeddable":true,"href":"https:\/\/grundschule-hattersheim.de\/index.php?rest_route=\/wp\/v2\/users\/1"}],"replies":[{"embeddable":true,"href":"https:\/\/grundschule-hattersheim.de\/index.php?rest_route=%2Fwp%2Fv2%2Fcomments&post=54"}],"version-history":[{"count":20,"href":"https:\/\/grundschule-hattersheim.de\/index.php?rest_route=\/wp\/v2\/pages\/54\/revisions"}],"predecessor-version":[{"id":574,"href":"https:\/\/grundschule-hattersheim.de\/index.php?rest_route=\/wp\/v2\/pages\/54\/revisions\/574"}],"wp:attachment":[{"href":"https:\/\/grundschule-hattersheim.de\/index.php?rest_route=%2Fwp%2Fv2%2Fmedia&parent=54"}],"curies":[{"name":"wp","href":"https:\/\/api.w.org\/{rel}","templated":true}]}}